.
-35
Evaluate -4 + -2 + 3 + -31 + 37.
3
Calculate (0 - 5 - (-19 - -21)) + -4 + 3.
-8
What is -1 + 54 + (-482 - -457)?
28
-13 + 46 + (-10 - (11 - 8))
20
(4 - 3) + -10 + (-13 - -18 - 1)
-5
Calculate 13 + (2 + -13 + 14 - -7).
23
What is the value of 7 + 1 - -14 - (-7 + 8)?
21
3 + -6 + 0 - (-22 + 5) - -5
19
Calculate 1 - (-1 + 0 + 11) - (7 + -12).
-4
3 + -1 - 4 - (2 + -8 + 10)
-6
Calculate -42 + (7 - 4) + 58 + -43.
-24
Calculate 10 - (0 + -31 + (367 - 364)).
38
What is (2 - (3 + 0 - (-3 - -6))) + -11?
-9
Evaluate (2 - 16) + -12 + 15.
-11
Calculate -7 + 4 + -11 + 14.
0
8 - (24 - (26 - 14))
-4
What is 31 + 3 + -1 + -2 - (-138 - -147)?
22
Calculate 10 + -22 + 65 - 38.
15
8 - (2 + 1 + -3) - -4
12
Evaluate -7 - (8 + -20) - (-2 + 2 - -24).
-19
Evaluate 0 + 12 + (-2 - 6 - -7).
11
Calculate 12 + -1 + -5 + -20 + 2.
-12
What is (9 - -3 - 5) + -10?
-3
What is the value of (3 - (3 + -2)) + -1 - 6 - -8?
3
Calculate -3 + 0 + (20 - (2 - -14)).
1
Calculate 7 + 18 + -24 + 2 + 1.
4
Evaluate 3 - 1 - (-3 + 14 + (-9 - -1)).
-1
(2 - 48) + (-6 - (-54 + 39))
-37
Calculate 82 - 63 - (15 + (-8 - -3)).
9
What is the value of -2 + 2 + -9 + -2 + (-2 - -3)?
-10
Calculate -1 + -14 - -23 - 23 - -5.
-10
Evaluate 2 + 6 + (-26 - -28).
10
Evaluate -4 - (2 - 3 - 0 - -3) - 4.
-10
Calculate -42 + -6 + (41 - 21).
-28
(4 - -2) + -5 + -13 + (-9 - -10)
-11
Calculate 10 + -16 + 2 + (11 - (-2 - -5)).
4
(59 - (50 - -5)) + (1 + 3 - 1)
7
Evaluate 2 - (-23 + -15 - -57).
-17
Calculate -14 + (-3 - (5 + -5 + -8)).
-9
Calculate -15 + -7 + 4 + 34 + (-4 - -1).
13
Evaluate -18 - (13 - 2 - (17 + -4)).
-16
Evaluate (0 - -6) + (-10 + 22 - 17) - 13.
-12
Evaluate (13 - -1) + (13 - (14 + 1)).
12
What is the value of 3 - ((11 - 6 - -3) + -5 - 4)?
4
Calculate 2 + -9 + -15 + 32.
10
Calculate (-16 - 2) + 35 + -13 + -13.
-9
Evaluate -19 + 10 + 21 + 3 + -2.
13
Evaluate 11 - (1 - 2) - (-47 - -52).
7
-31 - (-6 + 1) - (-5 + -1 + 2)
-22
Calculate 34 + -46 + 38 - 16.
10
What is 0 + -5 - (26 + (-6 - 9))?
-16
Evaluate 2 + 3 + (-39 - -31).
-3
Evaluate (-34 - -14 - -11 - -4) + (1 - 7).
-11
Evaluate -17 - -6 - 3 - -18.
4
What is 2 + (9 - 9 - 6) - (-4 + 8)?
-8
-52 + 64 - (7 + 0 - 2)
7
Calculate 6 + 4 + (-1 - 3) - 6 - -15.
15
What is -2 - (2 + -11 + (12 - -1))?
-6
What is the value of -36 - (0 - (6 + (1 - -11)))?
-18
What is 26 + (-8 + 4 + 21 - 14)?
29
What is 6 + (-11 + (12 - 8) - -10)?
9
(170 - 175) + -1 + 14
8
Evaluate -10 - (-15 + -10 + (17 - 3)).
1
What is the value of -1 - 0 - 2 - 10 - -5 - 17?
-25
Evaluate 0 - -1 - 5 - (-44 + 25).
15
What is the value of (525 - 501) + (-28 - -1)?
-3
Evaluate 2 - (-3 - ((2 - 9) + 9) - -9).
-2
What is (-18 + 48 - (0 - (0 + 0))) + 0?
30
0 + 3 + 2 + (-18 - -16)
3
What is -9 + (12 - 6) - -12?
9
(-13 - -10) + 0 + -5 + 5
-3
What is the value of -11 - (1 + -8 + 0 + 5)?
-9
(-26 + 40 - 1) + 1
14
Calculate (2 - -4) + -307 + 308.
7
What is the value of 3 - (-6 - (2 - 7))?
4
What is the value of (0 - (3 - 8)) + (1 - (0 + -3))?
9
What is -4 + (1 - (-11 + 5 - -5))?
-2
Calculate 21 + (-23 - (-6 + -3)).
7
What is the value of (-30 + 8 - 10) + 19?
-13
Evaluate -1 + 1 + 8 + (-412 - -387).
-17
-43 + 47 - (3 + -11)
12
What is 3 + -9 + 10 + 8 - 5?
7
(1 + -18 - (-79 + 80)) + 9
-9
What is (-58 - -79) + -4 + 23?
40
Calculate 19 + 29 - -3 - 28.
23
Evaluate 19 - (-11 + (19 + (0 - 8) - 3)).
22
Calculate -10 - (42 - 25 - 4).
-23
What is 14 + (3 - 0 - (-29 + 32))?
14
Calculate 3 + 18 - 38 - -31.
14
What is the value of (-54 - -24 - -7) + (-1 - -3)?
-21
(1 - -2) + (-57 + 62 - (-3 + 0))
11
What is 7 + -15 + 8 + (-5 - (-6 - 11))?
12
What is -4 - 1 - -3 - -7 - (-35 + 46)?
-6
Evaluate 8 - (-24 + 11 + 1).
20
(-14 - 6) + 16 - 9
-13
19 - ((-26 + 34 - (1 - 1)) + -7)
18
What is the value of -4 + (-1 - (0 + 4)) - (-76 + 74)?
-7
Calculate -12 - ((-7 - 7) + 15 + -10 + 0).
-3
What is the value of (2 - -5) + (5 - 5) - (6 - -1)?
0
-13 + (11 + (-16 - -8) - (2 - 1))
-11
10 + -4 + (-8 - -1 - -11 - 24)
-14
4 + -34 + 11 - -25
6
Calculate (-5 - 5) + (3 - (-5 + -1)).
-1
-22 - -1 - -10 - -8 - -28
25
What is 10 - (19 - (-3 + 8)) - 1?
-5
Evaluate 12 - -1 - 12 - (2 + 2).
-3
What is the value of -67 - -1 - (179 - 213)?
-32
2 - ((-22 - 14) + 3)
35
What is the value of 3 - -1 - 13 - 0 - -5?
-4
Evaluate (16 - 27) + (13 - (-10 + 1)).
11
Evaluate 8 + (7 - 3) + -3 + 10.
19
Calculate 1 - (18 + (-30 - -2)).
11
(357 - 365) + 5 + 0 + 0 - -6
3
Evaluate 6 + (3 - 6) + -3 - (27 + -27).
0
Calculate 13 + (27 + -18 - 18).
4
30 + -33 - -10 - -12
19
Evaluate (8 - (8 - 5) - 9) + -6 + 30.
20
5 - (1 + -9 - (-60 + 48))
1
Evaluate -351 - -359 - (0 - -1 - -16).
-9
What is 20 + 11 + -37 - 10?
-16
Evaluate 22 + -7 + 5 + -3 - (-7 + 9).
15
What is 6 + (3 - (-27 + 17)) - 11?
8
Calculate (12 - ((11 - 1) + -10) - 10) + -23.
-21
Evaluate (1144 - 1133) + (2 - 39) + 2 + -4.
-28
What is (6 - (38 + -17)) + -17?
-32
-13 + 6 + 1 - 5
-11
What is the value of (-6 - (1 - -1 - (5 + 6))) + 11?
14
What is -2 + -4 + (5 - 13) + -1 + 26?
11
What is 11 - (23 - (44 - 14))?
18
Evaluate (-31 - -11) + 28 + -1 + -24.
-17
What is the value of 223 - 233 - (-14 + 2)?
2
What is (-5 - (1 - -1)) + 18?
11
Evaluate (-3 + -7 - -6) + (-18 - -11).
-11
3 + -37 + (19 + -8 - (4 + 10))
-37
(7 - (5 + (1 - 4))) + 1 - 2
4
232 + -222 + (3 - 10)
3
Evaluate (14 + -42 - -26) + -18.
-20
-17 + 12 + -8 + 20
7
What is -44 - (10 + (31 - 66))?
-19
What is the value of 0 + -2 + 8 + (-18 - (-7 + -5))?
0
Evaluate -25 + 17 + 8 + 18 + -11.
7
Calculate 13 - (-1 - 8) - 19.
3
What is -7 - (-14 + 28 - 23)?
2
-8 + (-2 + 0 + 2 - (-15 - -9))
-2
What is (2 - 1) + 1 + -3 + -1 + 13?
11
What is 7 + (-19 - 1 - (8 + (-10 - -2)))?
-13
What is the value of 204 + -209 - ((-4 - -3) + -1)?
-3
Evaluate 32 - (48 + (23 - 50)).
11
Evaluate -10 + (3 - (5 + -11 + 7)) + -1.
-9
Evaluate (1 - 8) + -18 + 3 + 3.
-19
What is -7 + -19 + (0 - 1) + -4 + 13?
-18
6 - (-5 + 21 - 16) - 17
-11
Evaluate 825 + -822 + -1 + -17.
-15
-13 + 13 - -10 - (0 + -5)
15
Calculate -30 + (30 - -21) + -25.
-4
What is the value of -8 - (-10 - (-6 - -8)) - 6?
-2
What is the value of 27 - 54 - (-8 + -15)?
-4
Calculate ((5 - 11) + (-1 - 3) - -5) + 5.
0
Evaluate 81 - (-57 + 106) - (2 + 0).
30
-1 - (3 - (-15 + 16))
-3
Calculate -2 - -5 - (-6 - (1 - (15 + 6))).
-11
Calculate 30 + -17 + -11 + 2 + (3 - -8).
15
What is -21 + 1 - (-50 + 27 + 30)?
-27
43 + (-62 - -3) + 33
17
Evaluate (-26 - -11) + (47 - 1).
31
What is 0 + (-4 + 11 - (-4 + 6)) - 16?
-11
10 + (3 - 1) + -10 + -11 + 2
-7
Calculate -5 - ((13 - 9) + -13 + 21).
-17
What is (8 - -16) + (-9 - 2)?
13
What is the value of -14 + 16 - (-3 - (-12 + 11))?
4
Calculate 119 - 117 - ((-1 - 0) + -1).
4
What is the value of -1 + 29 + 19 + -33?
14
Calculate 29 + 31 + -16 + -38.
6
-3 - 8 - -27 - 23 - (-21 - 1)
15
-29 + (8 - -1) + -1 + 2
-19
Calculate 6 + -18 + (-1 - (-16 - -5)).
-2
Calculate 4 + 1 - (33 + -26 + -13).
11
Evaluate 10 + (4 - (-2 - -8) - 15).
-7
What is the value of -14 + -10 + 26 - 21?
-19
Evaluate (-224 - -215) + -1 + 15.
5
Evaluate 17 + (-10 - -1) + 6.
14
What is the value of (0 + 6 + 4 - (39 + -28)) + 17?
16
What is the value of 2 + 1 + (-1 - -6)?
8
Evaluate -15 - (-23 - (9 + 9 - 30)).
-4
(-13 - -2) + (37 - -2)
28
Calculate (-10 - 3) + (-2 - 0) + (1 - -5).
-9
What is the value of (-29 - -45) + (-5 - -5) + -2?
14
Evaluate (30 - (29 + 8)) + -3.
-10
Evaluate 24 + (34 - 51) + (-13 - 0).
-6
Calculate (-4 - (-14 + 5 + -1)) + -6.
0
Calculate (-6 - 0 - 6) + 9 + -6 + 13.
4
Calculate 23 - (-11 + -3 + 8 + 10).
19
Evaluate 20 + -8 + 30 + -36 - (-9 + 1).
14
Calculate -6 - 1 - 2 - (23 + (26 - 52)).
-6
Calculate 15 - (12 - (12 + -14 - (-8 + 0))).
9
(10 + -7 + -9 - -7) + -8 - -6
-1
What is the value of -18 + -4 + 19 + -7 + -1?
-11
Calculate (-1 - -3 - 6) + -2 - (13 + -17).
-2
What is -26 + -41 + 41 + 7 + 1?
-18
What is -6 + (9 + -8 + -9 - -8)?
-6
Evaluate 14 - -2 - 12 - (-4 - 1).
9
Evaluate -1 - (-8 + 12) - -9.
4
Calculate 2 + 0 - (-1 - -5 - (12 - 4)).
6
(5 - (9 + 0 + -4 + -10)) + -21
-11
15 + -41 - -1 - -38
13
Evaluate 12 + -27 + 4 - 5.
-16
Calculate 12 + 1 + 7 - (-1 - -8).
13
Evaluate 15 + (6 - (36 - 24)).
9
Evaluate 17 + (-10 - (10 + -29)) - 13.
13
What is 9 + -11 - (21 - (10 - 2))?
-15
Evaluate -5 + (-11 + 0 - -10) + -10.
-16
Calculate (-1 - 3) + 402 + -390.
8
Calculate -19 - ((22 - 25) + 4).
-20
2 + (-7 - 1) + (21 - 8) - -5
12
Calculate